{"id":1636,"date":"2023-07-18T21:46:26","date_gmt":"2023-07-19T02:46:26","guid":{"rendered":"https:\/\/valenco.com.ec\/?page_id=1636"},"modified":"2023-07-22T11:55:33","modified_gmt":"2023-07-22T16:55:33","slug":"productos-chocolate-especial","status":"publish","type":"page","link":"https:\/\/valenco.com.ec\/index.php\/productos-chocolate-especial\/","title":{"rendered":"Productos &#8211; Chocolate especial"},"content":{"rendered":"<section class=\"wpb-content-wrapper\"><p>[vc_row bg_type=\u00bbimage\u00bb parallax_style=\u00bbvcpb-default\u00bb bg_image_new=\u00bbid^1637|url^https:\/\/valenco.com.ec\/wp-content\/uploads\/2023\/07\/especial.png|caption^null|alt^null|title^especial|description^null\u00bb][vc_column]<div class=\"dt-fancy-separator h4-size style-disabled title-color accent-border-color\" style=\"width: 100%;\"><div class=\"dt-fancy-title bg-on\"><span class=\"separator-holder separator-left\"><\/span>Productos - Chocolate especial<span class=\"separator-holder separator-right\"><\/span><\/div><\/div>[\/vc_column][\/vc_row][vc_row][vc_column]<div class=\"dt-fancy-separator h2-size title-color\" style=\"width: 100%;\"><div class=\"dt-fancy-title\"><span class=\"separator-holder separator-left\"><\/span>Chocolate sin az\u00facar<span class=\"separator-holder separator-right\"><\/span><\/div><\/div>[\/vc_column][\/vc_row][vc_row bg_type=\u00bbimage\u00bb parallax_style=\u00bbvcpb-default\u00bb enable_overlay=\u00bbenable_overlay_value\u00bb overlay_color=\u00bb#ffffff\u00bb overlay_pattern_opacity=\u00bb20&#8243;][vc_column width=\u00bb1\/3&#8243;]<style type=\"text\/css\" data-type=\"the7_shortcodes-inline-css\">.shortcode-single-image-wrap.shortcode-single-image-57343d2ed8b942a7931c178fc628a279.enable-bg-rollover .rollover i,\n.shortcode-single-image-wrap.shortcode-single-image-57343d2ed8b942a7931c178fc628a279.enable-bg-rollover .rollover-video i {\n  background: -webkit-linear-gradient();\n  background: linear-gradient();\n}\n.shortcode-single-image-wrap.shortcode-single-image-57343d2ed8b942a7931c178fc628a279 .rollover-icon {\n  font-size: 32px;\n  color: #ffffff;\n  min-width: 44px;\n  min-height: 44px;\n  line-height: 44px;\n  border-radius: 100px;\n  border-style: solid;\n  border-width: 0px;\n}\n.dt-icon-bg-on.shortcode-single-image-wrap.shortcode-single-image-57343d2ed8b942a7931c178fc628a279 .rollover-icon {\n  background: rgba(255,255,255,0.3);\n  box-shadow: none;\n}\n<\/style><div class=\"shortcode-single-image-wrap shortcode-single-image-57343d2ed8b942a7931c178fc628a279 alignnone  enable-bg-rollover dt-icon-bg-off\" style=\"margin-top:0px; margin-bottom:0px; margin-left:0px; margin-right:0px; width:500px;\"><div class=\"shortcode-single-image\"><div class=\"fancy-media-wrap  layzr-bg\" style=\"border-radius:20px;\"><img class=\"preload-me lazy-load aspect\" src=\"data:image\/svg+xml,%3Csvg%20xmlns%3D&#39;http%3A%2F%2Fwww.w3.org%2F2000%2Fsvg&#39;%20viewBox%3D&#39;0%200%20300%20451&#39;%2F%3E\" data-src=\"https:\/\/valenco.com.ec\/wp-content\/uploads\/2023\/07\/17.png\" data-srcset=\"https:\/\/valenco.com.ec\/wp-content\/uploads\/2023\/07\/17.png 300w\" loading=\"eager\" sizes=\"(max-width: 300px) 100vw, 300px\" width=\"300\" height=\"451\"  data-dt-location=\"https:\/\/valenco.com.ec\/index.php\/productos-chocolate-especial\/attachment\/17\/\" style=\"--ratio: 300 \/ 451;border-radius:20px;\" alt=\"\" \/><\/div><\/div><\/div>[\/vc_column][vc_column width=\u00bb1\/3&#8243; css=\u00bb.vc_custom_1689731988177{margin-top: 150px !important;}\u00bb]<style type=\"text\/css\" data-type=\"the7_shortcodes-inline-css\">.shortcode-single-image-wrap.shortcode-single-image-ca0519d85730d8f19d454a56abdc43d8.enable-bg-rollover .rollover i,\n.shortcode-single-image-wrap.shortcode-single-image-ca0519d85730d8f19d454a56abdc43d8.enable-bg-rollover .rollover-video i {\n  background: -webkit-linear-gradient();\n  background: linear-gradient();\n}\n.shortcode-single-image-wrap.shortcode-single-image-ca0519d85730d8f19d454a56abdc43d8 .rollover-icon {\n  font-size: 32px;\n  color: #ffffff;\n  min-width: 44px;\n  min-height: 44px;\n  line-height: 44px;\n  border-radius: 100px;\n  border-style: solid;\n  border-width: 0px;\n}\n.dt-icon-bg-on.shortcode-single-image-wrap.shortcode-single-image-ca0519d85730d8f19d454a56abdc43d8 .rollover-icon {\n  background: rgba(255,255,255,0.3);\n  box-shadow: none;\n}\n<\/style><div class=\"shortcode-single-image-wrap shortcode-single-image-ca0519d85730d8f19d454a56abdc43d8 alignnone  enable-bg-rollover dt-icon-bg-off\" style=\"margin-top:0px; margin-bottom:0px; margin-left:0px; margin-right:0px;\"><div class=\"shortcode-single-image\"><div class=\"fancy-media-wrap  layzr-bg\" style=\"\"><img class=\"preload-me lazy-load aspect\" src=\"data:image\/svg+xml,%3Csvg%20xmlns%3D&#39;http%3A%2F%2Fwww.w3.org%2F2000%2Fsvg&#39;%20viewBox%3D&#39;0%200%20399%20225&#39;%2F%3E\" data-src=\"https:\/\/valenco.com.ec\/wp-content\/uploads\/2023\/07\/gotas.png\" data-srcset=\"https:\/\/valenco.com.ec\/wp-content\/uploads\/2023\/07\/gotas.png 399w\" loading=\"eager\" sizes=\"(max-width: 399px) 100vw, 399px\" width=\"399\" height=\"225\"  data-dt-location=\"https:\/\/valenco.com.ec\/index.php\/productos-chocolate-profesional\/gotas\/\" style=\"--ratio: 399 \/ 225;\" alt=\"\" \/><\/div><\/div><\/div>[\/vc_column][vc_column width=\u00bb1\/3&#8243;]<div class=\"standard-arrow list-divider bullet-top\"><ul>\n<li><strong>Descripci\u00f3n<\/strong>: Chocolate sin az\u00facar blanca, endulzado con edulcorantes bajos en calor\u00edas. No contiene GRASA VEGETAL.<br \/>\nContenido de s\u00f3lidos de cacao: 56%.<\/li>\n<li><strong>Usos<\/strong>: Ideal como ingrediente para bomboner\u00eda, chocolater\u00eda fina, reposter\u00eda, pasteler\u00eda.<\/li>\n<li><strong>Tipo de cacao<\/strong>: Nacional Fino de Aroma<\/li>\n<li><strong>Presentaciones<\/strong>: 1 Kg, 2.5 Kg, 15 Kg, 25 Kg.<\/li>\n<li><strong>Certificaciones<\/strong>:<\/li>\n<\/ul>\n<\/div><style type=\"text\/css\" data-type=\"the7_shortcodes-inline-css\">.shortcode-single-image-wrap.shortcode-single-image-6642a44c0fab2bec0704c9ed7512783b.enable-bg-rollover .rollover i,\n.shortcode-single-image-wrap.shortcode-single-image-6642a44c0fab2bec0704c9ed7512783b.enable-bg-rollover .rollover-video i {\n  background: -webkit-linear-gradient();\n  background: linear-gradient();\n}\n.shortcode-single-image-wrap.shortcode-single-image-6642a44c0fab2bec0704c9ed7512783b .rollover-icon {\n  font-size: 32px;\n  color: #ffffff;\n  min-width: 44px;\n  min-height: 44px;\n  line-height: 44px;\n  border-radius: 100px;\n  border-style: solid;\n  border-width: 0px;\n}\n.dt-icon-bg-on.shortcode-single-image-wrap.shortcode-single-image-6642a44c0fab2bec0704c9ed7512783b .rollover-icon {\n  background: rgba(255,255,255,0.3);\n  box-shadow: none;\n}\n<\/style><div class=\"shortcode-single-image-wrap shortcode-single-image-6642a44c0fab2bec0704c9ed7512783b alignnone  enable-bg-rollover dt-icon-bg-off\" style=\"margin-top:0px; margin-bottom:0px; margin-left:0px; margin-right:0px; width:200px;\"><div class=\"shortcode-single-image\"><div class=\"fancy-media-wrap  layzr-bg\" style=\"\"><img class=\"preload-me lazy-load aspect\" src=\"data:image\/svg+xml,%3Csvg%20xmlns%3D&#39;http%3A%2F%2Fwww.w3.org%2F2000%2Fsvg&#39;%20viewBox%3D&#39;0%200%20200%20102&#39;%2F%3E\" data-src=\"https:\/\/valenco.com.ec\/wp-content\/uploads\/2023\/07\/certificacion-200x102.jpg\" data-srcset=\"https:\/\/valenco.com.ec\/wp-content\/uploads\/2023\/07\/certificacion-200x102.jpg 200w, https:\/\/valenco.com.ec\/wp-content\/uploads\/2023\/07\/certificacion.jpg 300w\" loading=\"eager\" sizes=\"(max-width: 200px) 100vw, 200px\" width=\"200\" height=\"102\"  data-dt-location=\"https:\/\/valenco.com.ec\/index.php\/book-store-homepage\/certificacion\/\" style=\"--ratio: 200 \/ 102;\" alt=\"\" \/><\/div><\/div><\/div>[\/vc_column][\/vc_row]<\/p>\n<\/section>","protected":false},"excerpt":{"rendered":"<p>[vc_row bg_type=\u00bbimage\u00bb parallax_style=\u00bbvcpb-default\u00bb bg_image_new=\u00bbid^1637|url^https:\/\/valenco.com.ec\/wp-content\/uploads\/2023\/07\/especial.png|caption^null|alt^null|title^especial|description^null\u00bb][vc_column][\/vc_column][\/vc_row][vc_row][vc_column][\/vc_column][\/vc_row][vc_row bg_type=\u00bbimage\u00bb parallax_style=\u00bbvcpb-default\u00bb enable_overlay=\u00bbenable_overlay_value\u00bb overlay_color=\u00bb#ffffff\u00bb overlay_pattern_opacity=\u00bb20&#8243;][vc_column width=\u00bb1\/3&#8243;][\/vc_column][vc_column width=\u00bb1\/3&#8243; css=\u00bb.vc_custom_1689731988177{margin-top: 150px !important;}\u00bb][\/vc_column][vc_column width=\u00bb1\/3&#8243;][\/vc_column][\/vc_row]<\/p>\n","protected":false},"author":3,"featured_media":0,"parent":0,"menu_order":0,"comment_status":"closed","ping_status":"closed","template":"","meta":{"_monsterinsights_skip_tracking":false,"_monsterinsights_sitenote_active":false,"_monsterinsights_sitenote_note":"","_monsterinsights_sitenote_category":0},"_links":{"self":[{"href":"https:\/\/valenco.com.ec\/index.php\/wp-json\/wp\/v2\/pages\/1636"}],"collection":[{"href":"https:\/\/valenco.com.ec\/index.php\/wp-json\/wp\/v2\/pages"}],"about":[{"href":"https:\/\/valenco.com.ec\/index.php\/wp-json\/wp\/v2\/types\/page"}],"author":[{"embeddable":true,"href":"https:\/\/valenco.com.ec\/index.php\/wp-json\/wp\/v2\/users\/3"}],"replies":[{"embeddable":true,"href":"https:\/\/valenco.com.ec\/index.php\/wp-json\/wp\/v2\/comments?post=1636"}],"version-history":[{"count":5,"href":"https:\/\/valenco.com.ec\/index.php\/wp-json\/wp\/v2\/pages\/1636\/revisions"}],"predecessor-version":[{"id":1672,"href":"https:\/\/valenco.com.ec\/index.php\/wp-json\/wp\/v2\/pages\/1636\/revisions\/1672"}],"wp:attachment":[{"href":"https:\/\/valenco.com.ec\/index.php\/wp-json\/wp\/v2\/media?parent=1636"}],"curies":[{"name":"wp","href":"https:\/\/api.w.org\/{rel}","templated":true}]}}